 Let o be q(-14). Let t = 553 + o. What is the tens digit of t?
8
Suppose -12 - 32 = -11*i. Suppose -1630 = -i*m - 3*w, -1634 = 4*m - 8*m - 5*w. What is the tens digit of m?
0
Suppose 2*d - 2 = -2*a, 14 = 3*d + 5*a + 5. What is the hundreds digit of (3/(-2) - d)*(-4 - -346)?
1
Let x(o) = 792*o**2 + 396*o - 3241. What is the thousands digit of x(8)?
0
Suppose 53 = -2*y - s + 4, 5*y + 100 = 2*s. Let u be (-3017 + 2)*y/55. Suppose 2*f - u = -7*f. What is the tens digit of f?
3
Let x = 16340 + -8335. What is the tens digit of x?
0
Let g(l) = -l**3 + 8*l**2 - l - 2. Let d be g(4). Suppose d*p - 56*p = 1638. What is the hundreds digit of p?
8
Let q = -69 + 64. Let k(g) = -3*g + 18. Let f be k(q). Suppose 3*c + b = 317 + f, b + 352 = 3*c. What is the tens digit of c?
1
Let h(t) = 3*t - 11. Let x be h(-5). Let r = -27 - x. What is the tens digit of ((-12)/(-10) - 2)/(r/180)?
4
Suppose 12 = -p + 2*p + 2*g, -9 = -2*p + g. Let z be (-3)/p + 0 + (-87)/(-6). Let j(h) = h**2 - 11*h - 9. What is the tens digit of j(z)?
3
Let q(f) = 29*f + 535. Let n be q(-31). Suppose i + 2*m + 121 = -2*m, -m - 559 = 4*i. Let b = i - n. What is the tens digit of b?
2
Let o = 17977 + -9328. What is the thousands digit of o?
8
Suppose 5*l = -20, 5*l = -2*k + k - 19. Let r be (0*k/5)/((-1)/(-1)). Suppose j - 117 = o - 2*o, -2*j + o + 231 = r. What is the tens digit of j?
1
Suppose 3563 = 4*o + 5*f, -2*o + f - 4*f = -1779. Suppose 8*r + 983 = -o. Let z = -152 - r. What is the tens digit of z?
8
Let x(l) = 18*l**2 + 4*l - 9. Let i = 42 + -27. Suppose 0*m = 5*m + i. What is the units digit of x(m)?
1
Suppose -10*c + 9*c - 104 = -w, 3*c = -5*w - 296. Let u = c + 414. What is the hundreds digit of u?
3
Suppose -4*f = n + 2*n + 20, 4*n - 25 = 5*f. Let p be (-3 + 1 - (-70)/28)*n. Suppose y - 5*i - 142 + 50 = p, -2*i = -2*y + 144. What is the units digit of y?
7
Let o = 2533 - 2529. Let k = 5 - -46. Let a = k + o. What is the tens digit of a?
5
What is the hundreds digit of (-335)/5*-624 + (-2)/3*-12?
8
Suppose -12*c = -3*u - 7*c + 19812, 5*c = -5*u + 32980. What is the hundreds digit of u?
5
Suppose 10*z = 81 + 1469. Let o = z + -150. Suppose -v + 177 - 20 = 5*s, 3*s + 757 = o*v. What is the hundreds digit of v?
1
What is the thousands digit of (-6)/(-33) + 4274772/627?
6
Let c = -3922 - -4100. What is the tens digit of c?
7
Suppose 0 = 13*j - 71820 - 2865. What is the hundreds digit of j?
7
Suppose -3*o - 25 = 14. What is the tens digit of (o - -26)/((-1)/(-45))?
8
Let c = 14194 - 12293. What is the tens digit of c?
0
Let v be -32*(1 + 19/(-2)). Suppose a - v = 126. What is the units digit of a?
8
Suppose -50*p + 60*p = -3170. Let h = p - -549. What is the tens digit of h?
3
Suppose 5*p - h - 52831 = -0*h, -2*p + 4*h + 21136 = 0. What is the ten thousands digit of p?
1
Let z(i) = 36*i**2 - 19*i + 46. Let m be z(4). Let x = -89 + m. What is the hundreds digit of x?
4
Let y(b) = b**3 - 16*b**2 + 11*b - 20. Let c be y(16). Suppose 0 = s - 6 + c. Let l = 259 + s. What is the hundreds digit of l?
1
Let k(v) = -5*v - 1 - 6 - v - 4*v. Suppose -2*p + 4*l = 8, 2*p - 5*l + 6 = -1. What is the tens digit of k(p)?
5
Let z(g) = -g**3 - 7*g**2 - 7*g - 2. Let c be z(-6). Suppose -3*o - 5*p - 154 = 0, -2*o + c*o + 110 = 4*p. Let l = 216 + o. What is the tens digit of l?
6
Let d(n) be the third derivative of -n**6/120 + 17*n**5/60 - 5*n**4/24 - 14*n**3 - 3*n**2 + 55*n. What is the tens digit of d(12)?
7
Suppose -35*h + 152013 - 125461 = -330028. What is the tens digit of h?
8
Let i = 4862 - 473. What is the tens digit of i?
8
Let t(u) = 1020*u**2 + 39*u - 292. Let s be t(7). What is the units digit of (4/(0 + 2))/(94/s)?
3
Suppose -740*p = -3*g - 742*p + 81895, 4*p + 54634 = 2*g. What is the tens digit of g?
0
Let v(y) = -3*y**3 + 11*y + 12. Let g be v(-1). Suppose m = 3*f + 903, 0 = -3*m + g*f + 1996 + 733. What is the hundreds digit of m?
9
Let w(q) = -q**2 - 6*q - 5. Let l be w(-4). Suppose -3*f = -l*g - 5052, 3*f - 5049 = -38*g + 42*g. What is the hundreds digit of f?
6
Let p = 13089 + -5531. What is the hundreds digit of p?
5
Suppose m - l - 61 = -4*m, 5*m - 77 = -3*l. Let h(v) = 5*v - m + 23 + 33 - 5. What is the units digit of h(8)?
8
Let d = 74 + -68. Let w be ((-90)/(-75))/(3/20). Suppose -2*b = -d*b + w. What is the units digit of b?
2
Let k(n) = -n**3 + 15*n**2 + 24*n - 2. Let i be k(16). Suppose -10*w + i = -8*w. What is the tens digit of w?
6
Let i(g) = g**2 + 10*g - 8. Let v = 6 - -1. Suppose 11*c - v*c = 24. What is the units digit of i(c)?
8
Suppose -39*b = -4*h - 35*b + 14304, 0 = 4*h - 5*b - 14309. What is the units digit of h?
1
Suppose 10005 = 20*y - 17*y. What is the thousands digit of y?
3
Suppose -2*n + 11342 = -5*p, -3*n - 19*p + 17013 = -16*p. What is the hundreds digit of n?
6
What is the thousands digit of 5635 - (-30 - (-40)/4)?
5
Let x(d) = -7*d**2 + 34*d + 5. Let c be x(5). Suppose c = -18*r + 16651 - 1531. What is the tens digit of r?
4
Suppose -3*f = 10 - 13. Let j be f/2 + 11/2 + -3. Suppose -j = -3*s, s + 2*s + 135 = q. What is the tens digit of q?
3
Let w = -83 + 153. What is the units digit of 20/w + 6042/21?
8
Let r = 91 + 812. What is the units digit of r?
3
Suppose 169*n + 10*n + 1792646 = 5603556. What is the hundreds digit of n?
2
Suppose 0 = 2*l - 2*a - 12904, -4858 = -l + 3*a + 1598. What is the tens digit of l?
5
Suppose 2*y = -9*w + 8*w + 4734, -7*y = 2*w - 9480. What is the tens digit of w?
2
Suppose -4*h + 2*r = -37004, -2*h + 23*r - 21*r = -18504. What is the thousands digit of h?
9
What is the units digit of 391758/54 + (60/(-54))/(-5)?
5
Suppose -m - 860 = g, m - 2 + 3 = 0. Let h = -546 - g. What is the units digit of h?
3
Let p(g) = -3*g - 7. Let m be p(-4). Suppose m*h - 4 = 3*h. Suppose n = -5*l + 496, 5*l - 5*n = -h*n + 512. What is the hundreds digit of l?
1
Suppose -2*p - h - 6 = -5*p, -p = -3*h + 6. Let c = -597 - -602. Suppose -y + 167 = 4*b, c*b - 2*y = p*y + 240. What is the units digit of b?
3
Suppose -444*a + 862*a + 13896 = 442*a. What is the tens digit of a?
7
Suppose -3*y + n - 77 = 0, -3*n + 15 = -0*n. What is the tens digit of (-97)/1*(-25 - y)?
9
Let l(y) be the second derivative of -y**5/20 + 2*y**4 - 29*y**3/6 + 12*y**2 + 58*y. What is the units digit of l(19)?
8
Let k(d) = 2*d**2 - 34*d + 121. What is the units digit of k(5)?
1
Let c(f) = -22*f**2 - 6*f + 13. Let h be c(3). Let m = h - -253. What is the units digit of m?
0
Suppose 5*q - 62 = 38. Suppose 31*y = 36*y + q. What is the units digit of 96/(-20)*30/y?
6
Let j = -23945 + 96776. What is the units digit of j?
1
Let d(c) = 2*c**3 - 2*c**2 + 132*c - 16. What is the hundreds digit of d(7)?
4
Suppose 1547*j - 366157 = 1536*j. What is the ten thousands digit of j?
3
Let n = -90 - -85. What is the units digit of (-3)/(n + (-3994)/(-800))?
0
What is the tens digit of 4 - (-39952)/(32/8)?
9
Suppose 2*d = -3*x - 6668, -3*x = -4*d + 2836 + 3808. Let u be (-2)/(-4) + x/(-24). Let p = -48 + u. What is the tens digit of p?
4
Let n(p) = 28*p**2 + 14*p - 114. Let q be n(12). Suppose 5*l - j = q, -5*l - 4*j + 0*j = -4081. What is the tens digit of l?
1
Let d(k) = 6*k**2 + k + 4. Let j = 62 + -72. Let b be (-52)/j - (2 + 9/(-5)). What is the hundreds digit of d(b)?
1
Let u = 437 - 247. Let n = u + 234. What is the hundreds digit of n?
4
Let c(y) = 60*y + 120. Let t be c(29). Suppose -g = -2*w - 474, -8*g + 4*g = 4*w - t. What is the units digit of g?
8
Suppose 3*b = -5*j + 19295, 2*b - j + 25704 = 6*b. What is the hundreds digit of b?
4
Let t = 200 - 111. Let g = 113 - t. Let r(c) = c**3 - 24*c**2 + 8*c. What is the tens digit of r(g)?
9
Let q(u) = -u**3 + 4*u**2 + 5*u - 4. Let l be q(5). Let a(n) = -17*n**3 + 2*n**2 - n + 1. Let j be a(l). Suppose 5*y + 385 - j = 0. What is the tens digit of y?
4
Suppose 3*k = 3*d - 18, -4*k - 3*d + 6 + 5 = 0. Let o be 3 - k - (-5 - -7). Suppose 2*m + 5*x = 2 + 5, 0 = -o*m + x + 37. What is the tens digit of m?
1
Let u(o) = -429*o - 1132. What is the hundreds digit of u(-22)?
3
Let w(u) = -2*u**2 - u + 289. Suppose 0 = 3*y - 2*d + 4*d - 2, 2*y = -3*d + 3. Let s be w(y). Let c = s + -141. What is the tens digit of c?
4
Suppose 0 = a - 4*q - 4650, 164*a + 18636 = 168*a - 4*q. What is the units digit of a?
2
Let b(l) = l**2 + 5*l - 1. Let o be b(-6). Sup